[INFO] fetching crate fvm_integration_tests 3.0.0...
[INFO] checking fvm_integration_tests-3.0.0 against master#e6e4f7ed1589e03bc2f6c5931c1a72e7947e8682 for beta-170-4
[INFO] extracting crate fvm_integration_tests 3.0.0 into /workspace/builds/worker-3-tc2/source
[INFO] validating manifest of crates.io crate fvm_integration_tests 3.0.0 on toolchain e6e4f7ed1589e03bc2f6c5931c1a72e7947e8682
[INFO] running `Command { std: CARGO_HOME="/workspace/cargo-home" RUSTUP_HOME="/workspace/rustup-home" "/workspace/cargo-home/bin/cargo" "+e6e4f7ed1589e03bc2f6c5931c1a72e7947e8682" "metadata" "--manifest-path" "Cargo.toml" "--no-deps", kill_on_drop: false }`
[INFO] started tweaking crates.io crate fvm_integration_tests 3.0.0
[INFO] finished tweaking crates.io crate fvm_integration_tests 3.0.0
[INFO] tweaked toml for crates.io crate fvm_integration_tests 3.0.0 written to /workspace/builds/worker-3-tc2/source/Cargo.toml
[INFO] crate crates.io crate fvm_integration_tests 3.0.0 already has a lockfile, it will not be regenerated
[INFO] running `Command { std: CARGO_HOME="/workspace/cargo-home" RUSTUP_HOME="/workspace/rustup-home" "/workspace/cargo-home/bin/cargo" "+e6e4f7ed1589e03bc2f6c5931c1a72e7947e8682" "fetch" "--manifest-path" "Cargo.toml", kill_on_drop: false }`
[INFO] running `Command { std: "docker" "create" "-v" "/var/lib/crater-agent-workspace/builds/worker-3-tc2/target:/opt/rustwide/target:rw,Z" "-v" "/var/lib/crater-agent-workspace/builds/worker-3-tc2/source:/opt/rustwide/workdir:ro,Z" "-v" "/var/lib/crater-agent-workspace/cargo-home:/opt/rustwide/cargo-home:ro,Z" "-v" "/var/lib/crater-agent-workspace/rustup-home:/opt/rustwide/rustup-home:ro,Z" "-e" "SOURCE_DIR=/opt/rustwide/workdir" "-e" "CARGO_TARGET_DIR=/opt/rustwide/target" "-e" "CARGO_HOME=/opt/rustwide/cargo-home" "-e" "RUSTUP_HOME=/opt/rustwide/rustup-home" "-w" "/opt/rustwide/workdir" "-m" "1610612736" "--user" "0:0" "--network" "none" "ghcr.io/rust-lang/crates-build-env/linux@sha256:19e73879b68f455e41552ea35293514db52ea292d993f571636dbffedb77a1ee" "/opt/rustwide/cargo-home/bin/cargo" "+e6e4f7ed1589e03bc2f6c5931c1a72e7947e8682" "metadata" "--no-deps" "--format-version=1", kill_on_drop: false }`
[INFO] [stdout] e3e595f0aaa206bd1826c7405326f51ec29850087b2fbccc7febbf08bd735fb3
[INFO] running `Command { std: "docker" "start" "-a" "e3e595f0aaa206bd1826c7405326f51ec29850087b2fbccc7febbf08bd735fb3", kill_on_drop: false }`
[INFO] running `Command { std: "docker" "inspect" "e3e595f0aaa206bd1826c7405326f51ec29850087b2fbccc7febbf08bd735fb3", kill_on_drop: false }`
[INFO] running `Command { std: "docker" "rm" "-f" "e3e595f0aaa206bd1826c7405326f51ec29850087b2fbccc7febbf08bd735fb3", kill_on_drop: false }`
[INFO] [stdout] e3e595f0aaa206bd1826c7405326f51ec29850087b2fbccc7febbf08bd735fb3
[INFO] running `Command { std: "docker" "create" "-v" "/var/lib/crater-agent-workspace/builds/worker-3-tc2/target:/opt/rustwide/target:rw,Z" "-v" "/var/lib/crater-agent-workspace/builds/worker-3-tc2/source:/opt/rustwide/workdir:ro,Z" "-v" "/var/lib/crater-agent-workspace/cargo-home:/opt/rustwide/cargo-home:ro,Z" "-v" "/var/lib/crater-agent-workspace/rustup-home:/opt/rustwide/rustup-home:ro,Z" "-e" "SOURCE_DIR=/opt/rustwide/workdir" "-e" "CARGO_TARGET_DIR=/opt/rustwide/target" "-e" "CARGO_INCREMENTAL=0" "-e" "RUST_BACKTRACE=full" "-e" "RUSTFLAGS=--cap-lints=forbid" "-e" "RUSTDOCFLAGS=--cap-lints=forbid" "-e" "CARGO_HOME=/opt/rustwide/cargo-home" "-e" "RUSTUP_HOME=/opt/rustwide/rustup-home" "-w" "/opt/rustwide/workdir" "-m" "1610612736" "--user" "0:0" "--network" "none" "ghcr.io/rust-lang/crates-build-env/linux@sha256:19e73879b68f455e41552ea35293514db52ea292d993f571636dbffedb77a1ee" "/opt/rustwide/cargo-home/bin/cargo" "+e6e4f7ed1589e03bc2f6c5931c1a72e7947e8682" "check" "--frozen" "--all" "--all-targets" "--message-format=json", kill_on_drop: false }`
[INFO] [stdout] 5a3386b3fcb5d02351dc45c5e9bac5b819b9bd2e43bb77c0b98f5eb7968d54d9
[INFO] running `Command { std: "docker" "start" "-a" "5a3386b3fcb5d02351dc45c5e9bac5b819b9bd2e43bb77c0b98f5eb7968d54d9", kill_on_drop: false }`
[INFO] [stderr]    Compiling proc-macro2 v1.0.51
[INFO] [stderr]    Compiling quote v1.0.23
[INFO] [stderr]    Compiling unicode-ident v1.0.6
[INFO] [stderr]    Compiling syn v1.0.109
[INFO] [stderr]    Compiling version_check v0.9.4
[INFO] [stderr]    Compiling libc v0.2.139
[INFO] [stderr]    Compiling serde_derive v1.0.152
[INFO] [stderr]    Compiling typenum v1.16.0
[INFO] [stderr]    Compiling serde v1.0.152
[INFO] [stderr]    Compiling unicode-xid v0.2.4
[INFO] [stderr]    Compiling thiserror v1.0.38
[INFO] [stderr]    Compiling generic-array v0.14.6
[INFO] [stderr]    Compiling radium v0.7.0
[INFO] [stderr]     Checking arrayvec v0.7.2
[INFO] [stderr]     Checking scopeguard v1.1.0
[INFO] [stderr]    Compiling backtrace v0.3.67
[INFO] [stderr]     Checking adler v1.0.2
[INFO] [stderr]     Checking gimli v0.27.2
[INFO] [stderr]     Checking arrayref v0.3.6
[INFO] [stderr]    Compiling subtle v2.4.1
[INFO] [stderr]     Checking miniz_oxide v0.6.2
[INFO] [stderr]     Checking object v0.30.3
[INFO] [stderr]    Compiling anyhow v1.0.69
[INFO] [stderr]     Checking rustc-demangle v0.1.21
[INFO] [stderr]     Checking cpufeatures v0.2.5
[INFO] [stderr]     Checking byteorder v1.4.3
[INFO] [stderr]    Compiling ahash v0.7.6
[INFO] [stderr]     Checking getrandom v0.2.8
[INFO] [stderr]    Compiling blst v0.3.9
[INFO] [stderr]     Checking rand_core v0.6.4
[INFO] [stderr]    Compiling tap v1.0.1
[INFO] [stderr]     Checking rand_chacha v0.3.1
[INFO] [stderr]    Compiling crossbeam-utils v0.8.14
[INFO] [stderr]     Checking crypto-common v0.1.6
[INFO] [stderr]     Checking block-buffer v0.10.3
[INFO] [stderr]     Checking constant_time_eq v0.2.4
[INFO] [stderr]     Checking rand v0.8.5
[INFO] [stderr]    Compiling wyz v0.5.1
[INFO] [stderr]     Checking digest v0.10.6
[INFO] [stderr]    Compiling funty v2.0.0
[INFO] [stderr]     Checking num_cpus v1.15.0
[INFO] [stderr]    Compiling indexmap v1.9.2
[INFO] [stderr]    Compiling memoffset v0.7.1
[INFO] [stderr]     Checking addr2line v0.19.0
[INFO] [stderr]    Compiling bitvec v1.0.1
[INFO] [stderr]     Checking hashbrown v0.12.3
[INFO] [stderr]     Checking blake2b_simd v1.0.1
[INFO] [stderr]    Compiling rand_xorshift v0.3.0
[INFO] [stderr]    Compiling crossbeam-epoch v0.9.13
[INFO] [stderr]     Checking either v1.8.1
[INFO] [stderr]    Compiling digest v0.9.0
[INFO] [stderr]    Compiling execute-command-tokens v0.1.6
[INFO] [stderr]     Checking sha2 v0.10.6
[INFO] [stderr]    Compiling threadpool v1.8.1
[INFO] [stderr]    Compiling cfg-if v1.0.0
[INFO] [stderr]     Checking crossbeam-deque v0.8.2
[INFO] [stderr]     Checking crossbeam-channel v0.5.6
[INFO] [stderr]    Compiling rayon-core v1.10.2
[INFO] [stderr]    Compiling ec-gpu v0.1.0
[INFO] [stderr]    Compiling byte-slice-cast v1.2.2
[INFO] [stderr]    Compiling hex v0.4.3
[INFO] [stderr]     Checking lock_api v0.4.9
[INFO] [stderr]     Checking itertools v0.10.5
[INFO] [stderr]    Compiling proc-macro-error-attr v1.0.4
[INFO] [stderr]    Compiling rustversion v1.0.11
[INFO] [stderr]     Checking spin v0.9.5
[INFO] [stderr]    Compiling proc-macro-error v1.0.4
[INFO] [stderr]     Checking rayon v1.6.1
[INFO] [stderr]     Checking lazy_static v1.4.0
[INFO] [stderr]    Compiling ff v0.12.1
[INFO] [stderr]     Checking opaque-debug v0.3.0
[INFO] [stderr]    Compiling synstructure v0.12.6
[INFO] [stderr]    Compiling group v0.12.1
[INFO] [stderr]    Compiling pairing v0.22.0
[INFO] [stderr]     Checking flume v0.10.14
[INFO] [stderr]    Compiling block-buffer v0.9.0
[INFO] [stderr]    Compiling blake3 v1.3.3
[INFO] [stderr]    Compiling async-trait v0.1.64
[INFO] [stderr]    Compiling data-encoding v2.3.3
[INFO] [stderr]    Compiling static_assertions v1.1.0
[INFO] [stderr]    Compiling pasta_curves v0.4.1
[INFO] [stderr]    Compiling sha2 v0.9.9
[INFO] [stderr]    Compiling bellperson v0.22.1
[INFO] [stderr]     Checking yastl v0.1.2
[INFO] [stderr]     Checking block-padding v0.3.2
[INFO] [stderr]     Checking temp-env v0.2.0
[INFO] [stderr]     Checking keccak v0.1.3
[INFO] [stderr]     Checking constant_time_eq v0.1.5
[INFO] [stderr]    Compiling target-lexicon v0.12.6
[INFO] [stderr]     Checking fallible-iterator v0.2.0
[INFO] [stderr]     Checking stable_deref_trait v1.2.0
[INFO] [stderr]    Compiling crunchy v0.2.2
[INFO] [stderr]     Checking arrayvec v0.5.2
[INFO] [stderr]     Checking sha3 v0.10.6
[INFO] [stderr]     Checking blake2s_simd v0.5.11
[INFO] [stderr]     Checking inout v0.1.3
[INFO] [stderr]     Checking ripemd v0.1.3
[INFO] [stderr]     Checking blake2s_simd v1.0.1
[INFO] [stderr]     Checking memmap v0.7.0
[INFO] [stderr]     Checking core2 v0.4.0
[INFO] [stderr]     Checking base-x v0.2.11
[INFO] [stderr]     Checking fastrand v1.9.0
[INFO] [stderr]    Compiling cranelift-isle v0.89.2
[INFO] [stderr]     Checking unsigned-varint v0.7.1
[INFO] [stderr]     Checking remove_dir_all v0.5.3
[INFO] [stderr]     Checking cipher v0.4.3
[INFO] [stderr]     Checking tempfile v3.3.0
[INFO] [stderr]     Checking itertools v0.8.2
[INFO] [stderr]     Checking memmap2 v0.5.10
[INFO] [stderr]     Checking positioned-io v0.3.1
[INFO] [stderr]    Compiling num-traits v0.2.15
[INFO] [stderr]     Checking minimal-lexical v0.2.1
[INFO] [stderr]    Compiling serde_json v1.0.93
[INFO] [stderr]    Compiling cranelift-codegen-shared v0.89.2
[INFO] [stderr]    Compiling semver v1.0.16
[INFO] [stderr]     Checking nom v7.1.3
[INFO] [stderr]    Compiling cranelift-codegen-meta v0.89.2
[INFO] [stderr]    Compiling sha2-asm v0.6.2
[INFO] [stderr]    Compiling num-integer v0.1.45
[INFO] [stderr]    Compiling crossbeam-queue v0.3.8
[INFO] [stderr]     Checking itoa v1.0.5
[INFO] [stderr]     Checking ryu v1.0.12
[INFO] [stderr]    Compiling crc32fast v1.3.2
[INFO] [stderr]    Compiling thiserror-impl v1.0.38
[INFO] [stderr]    Compiling zeroize_derive v1.3.3
[INFO] [stderr]    Compiling execute-command-macro-impl v0.1.8
[INFO] [stderr]    Compiling data-encoding-macro-internal v0.1.10
[INFO] [stderr]    Compiling execute-command-macro v0.1.8
[INFO] [stderr]    Compiling execute v0.2.11
[INFO] [stderr]    Compiling zeroize v1.5.7
[INFO] [stderr]     Checking data-encoding-macro v0.1.12
[INFO] [stderr]     Checking multibase v0.9.1
[INFO] [stderr]     Checking pathdiff v0.2.1
[INFO] [stderr]     Checking aes v0.8.2
[INFO] [stderr]     Checking cbc v0.1.2
[INFO] [stderr]     Checking fs2 v0.4.3
[INFO] [stderr]     Checking fxhash v0.2.1
[INFO] [stderr]    Compiling num-bigint v0.4.3
[INFO] [stderr]    Compiling futures-core v0.3.26
[INFO] [stderr]     Checking smallvec v1.10.0
[INFO] [stderr]     Checking slice-group-by v0.3.0
[INFO] [stderr]    Compiling io-lifetimes v1.0.5
[INFO] [stderr]     Checking regalloc2 v0.4.2
[INFO] [stderr]    Compiling libsecp256k1-core v0.3.0
[INFO] [stderr]    Compiling serde_tuple_macros v0.5.0
[INFO] [stderr]    Compiling rustix v0.36.8
[INFO] [stderr]     Checking unicode-bidi v0.3.10
[INFO] [stderr]     Checking diff v0.1.13
[INFO] [stderr]    Compiling fnv v1.0.7
[INFO] [stderr]    Compiling io-lifetimes v0.7.5
[INFO] [stderr]    Compiling strsim v0.10.0
[INFO] [stderr]     Checking fake-simd v0.1.2
[INFO] [stderr]    Compiling ident_case v1.0.1
[INFO] [stderr]    Compiling futures-task v0.3.26
[INFO] [stderr]     Checking bumpalo v3.12.0
[INFO] [stderr]     Checking yansi v0.5.1
[INFO] [stderr]    Compiling futures-channel v0.3.26
[INFO] [stderr]    Compiling cranelift-codegen v0.89.2
[INFO] [stderr]     Checking pretty_assertions v1.3.0
[INFO] [stderr]    Compiling darling_core v0.14.3
[INFO] [stderr]     Checking sha2raw v7.0.0
[INFO] [stderr]     Checking idna v0.3.0
[INFO] [stderr]     Checking crossbeam v0.8.2
[INFO] [stderr]    Compiling serde_repr v0.1.10
[INFO] [stderr]     Checking mapr v0.8.0
[INFO] [stderr]     Checking fdlimit v0.2.1
[INFO] [stderr]    Compiling memoffset v0.6.5
[INFO] [stderr]     Checking linux-raw-sys v0.1.4
[INFO] [stderr]    Compiling rustix v0.35.13
[INFO] [stderr]     Checking leb128 v0.2.5
[INFO] [stderr]     Checking futures-sink v0.3.26
[INFO] [stderr]    Compiling paste v1.0.11
[INFO] [stderr]    Compiling futures-util v0.3.26
[INFO] [stderr]     Checking url v2.3.1
[INFO] [stderr]    Compiling libsecp256k1-gen-genmult v0.3.0
[INFO] [stderr]    Compiling libsecp256k1-gen-ecmult v0.3.0
[INFO] [stderr]    Compiling futures-macro v0.3.26
[INFO] [stderr]     Checking crypto-mac v0.8.0
[INFO] [stderr]    Compiling wasmtime-runtime v2.0.2
[INFO] [stderr]     Checking futures-io v0.3.26
[INFO] [stderr]    Compiling cpp_demangle v0.3.5
[INFO] [stderr]     Checking linux-raw-sys v0.0.46
[INFO] [stderr]     Checking hmac v0.8.1
[INFO] [stderr]    Compiling libsecp256k1 v0.7.1
[INFO] [stderr]     Checking wasmtime-jit-debug v2.0.2
[INFO] [stderr]    Compiling psm v0.1.21
[INFO] [stderr]     Checking memfd v0.6.2
[INFO] [stderr]     Checking wasmtime-asm-macros v2.0.2
[INFO] [stderr]     Checking hmac-drbg v0.3.0
[INFO] [stderr]    Compiling darling_macro v0.14.3
[INFO] [stderr]     Checking base64 v0.13.1
[INFO] [stderr]    Compiling wasmtime v2.0.2
[INFO] [stderr]     Checking wasm-encoder v0.20.0
[INFO] [stderr]    Compiling darling v0.14.3
[INFO] [stderr]    Compiling derive_builder_core v0.12.0
[INFO] [stderr]    Compiling ctor v0.1.26
[INFO] [stderr]    Compiling num-derive v0.3.3
[INFO] [stderr]    Compiling convert_case v0.4.0
[INFO] [stderr]     Checking bincode v1.3.3
[INFO] [stderr]     Checking blstrs v0.5.0
[INFO] [stderr]     Checking cranelift-entity v0.89.2
[INFO] [stderr]     Checking gimli v0.26.2
[INFO] [stderr]     Checking serde-big-array v0.3.3
[INFO] [stderr]     Checking serde_bytes v0.11.9
[INFO] [stderr]    Compiling toml v0.5.11
[INFO] [stderr]     Checking merkletree v0.22.1
[INFO] [stderr]     Checking fr32 v5.0.0
[INFO] [stderr]     Checking wasmparser v0.92.0
[INFO] [stderr]     Checking cranelift-bforest v0.89.2
[INFO] [stderr]     Checking cbor4ii v0.2.14
[INFO] [stderr]     Checking config v0.12.0
[INFO] [stderr]    Compiling ec-gpu-gen v0.3.1
[INFO] [stderr]    Compiling proc-macro-crate v1.1.3
[INFO] [stderr]    Compiling neptune v7.0.0
[INFO] [stderr]     Checking object v0.29.0
[INFO] [stderr]     Checking serde_tuple v0.5.0
[INFO] [stderr]     Checking wasmparser v0.101.1
[INFO] [stderr]     Checking cs_serde_bytes v0.12.2
[INFO] [stderr]     Checking futures-executor v0.3.26
[INFO] [stderr]     Checking forest_hash_utils v0.1.0
[INFO] [stderr]     Checking bls-signatures v0.12.0
[INFO] [stderr]    Compiling derive_builder_macro v0.12.0
[INFO] [stderr]     Checking wasmparser v0.95.0
[INFO] [stderr]    Compiling multihash-derive v0.8.1
[INFO] [stderr]     Checking multihash v0.16.3
[INFO] [stderr]     Checking wasmtime-types v2.0.2
[INFO] [stderr]     Checking cid v0.8.6
[INFO] [stderr]     Checking addr2line v0.17.0
[INFO] [stderr]     Checking serde_ipld_dagcbor v0.2.2
[INFO] [stderr]     Checking fvm_ipld_blockstore v0.1.1
[INFO] [stderr]     Checking libipld-core v0.14.0
[INFO] [stderr]     Checking fvm_ipld_encoding v0.3.3
[INFO] [stderr]     Checking fvm_ipld_amt v0.5.1
[INFO] [stderr]     Checking fvm_ipld_hamt v0.6.1
[INFO] [stderr]     Checking derive_builder v0.12.0
[INFO] [stderr]     Checking futures v0.3.26
[INFO] [stderr]     Checking integer-encoding v3.0.4
[INFO] [stderr]     Checking minstant v0.1.2
[INFO] [stderr]    Compiling derive_more v0.99.17
[INFO] [stderr]     Checking wasm-encoder v0.24.1
[INFO] [stderr]    Compiling derive-getters v0.2.0
[INFO] [stderr]     Checking filecoin-hashers v7.0.0
[INFO] [stderr]     Checking wasmprinter v0.2.52
[INFO] [stderr]     Checking wasmtime-environ v2.0.2
[INFO] [stderr]     Checking storage-proofs-core v12.0.0
[INFO] [stderr]     Checking replace_with v0.1.7
[INFO] [stderr]     Checking unicode-width v0.1.10
[INFO] [stderr]     Checking wast v54.0.1
[INFO] [stderr]     Checking fvm_ipld_car v0.6.0
[INFO] [stderr]     Checking fvm-wasm-instrument v0.4.0
[INFO] [stderr]     Checking wasmtime-jit v2.0.2
[INFO] [stderr]     Checking storage-proofs-porep v12.0.0
[INFO] [stderr]     Checking storage-proofs-post v12.0.0
[INFO] [stderr]     Checking storage-proofs-update v12.0.0
[INFO] [stderr]     Checking wat v1.0.60
[INFO] [stderr]     Checking filecoin-proofs v12.0.0
[INFO] [stderr]     Checking cranelift-frontend v0.89.2
[INFO] [stderr]     Checking cranelift-native v0.89.2
[INFO] [stderr]     Checking cranelift-wasm v0.89.2
[INFO] [stderr]     Checking filecoin-proofs-api v12.0.0
[INFO] [stderr]     Checking wasmtime-cranelift v2.0.2
[INFO] [stderr]     Checking fvm_shared v3.0.0
[INFO] [stderr]     Checking fvm v3.0.0
[INFO] [stderr]     Checking fvm_integration_tests v3.0.0 (/opt/rustwide/workdir)
[INFO] [stdout] error[E0432]: unresolved import `fil_readonly_actor`
[INFO] [stdout]  --> tests/readonly_test.rs:5:5
[INFO] [stdout]   |
[INFO] [stdout] 5 | use fil_readonly_actor::WASM_BINARY;
[INFO] [stdout]   |     ^^^^^^^^^^^^^^^^^^ use of undeclared crate or module `fil_readonly_actor`
[INFO] [stdout] 
[INFO] [stdout] 
[INFO] [stdout] error[E0432]: unresolved import `fil_gaslimit_actor`
[INFO] [stdout]  --> tests/gaslimit_test.rs:4:5
[INFO] [stdout]   |
[INFO] [stdout] 4 | use fil_gaslimit_actor::WASM_BINARY as BINARY;
[INFO] [stdout]   |     ^^^^^^^^^^^^^^^^^^ use of undeclared crate or module `fil_gaslimit_actor`
[INFO] [stdout] 
[INFO] [stdout] 
[INFO] [stdout] error[E0432]: unresolved import `fil_malformed_syscall_actor`
[INFO] [stdout]  --> tests/fil_syscall.rs:3:5
[INFO] [stdout]   |
[INFO] [stdout] 3 | use fil_malformed_syscall_actor::WASM_BINARY as MALFORMED_ACTOR_BINARY;
[INFO] [stdout]   |     ^^^^^^^^^^^^^^^^^^^^^^^^^^^ use of undeclared crate or module `fil_malformed_syscall_actor`
[INFO] [stdout] 
[INFO] [stdout] 
[INFO] [stdout] error[E0432]: unresolved import `fil_integer_overflow_actor`
[INFO] [stdout]  --> tests/fil_integer_overflow.rs:3:5
[INFO] [stdout]   |
[INFO] [stdout] 3 | use fil_integer_overflow_actor::WASM_BINARY as OVERFLOW_BINARY;
[INFO] [stdout]   |     ^^^^^^^^^^^^^^^^^^^^^^^^^^ use of undeclared crate or module `fil_integer_overflow_actor`
[INFO] [stdout] 
[INFO] [stdout] 
[INFO] [stdout] error[E0432]: unresolved import `fil_create_actor`
[INFO] [stdout]  --> tests/main.rs:9:5
[INFO] [stdout]   |
[INFO] [stdout] 9 | use fil_create_actor::WASM_BINARY as CREATE_ACTOR_BINARY;
[INFO] [stdout]   |     ^^^^^^^^^^^^^^^^ use of undeclared crate or module `fil_create_actor`
[INFO] [stdout] 
[INFO] [stdout] 
[INFO] [stdout] error[E0432]: unresolved import `fil_exit_data_actor`
[INFO] [stdout]   --> tests/main.rs:10:5
[INFO] [stdout]    |
[INFO] [stdout] 10 | use fil_exit_data_actor::WASM_BINARY as EXIT_DATA_BINARY;
[INFO] [stdout]    |     ^^^^^^^^^^^^^^^^^^^ use of undeclared crate or module `fil_exit_data_actor`
[INFO] [stdout] 
[INFO] [stdout] 
[INFO] [stdout] error[E0432]: unresolved import `fil_hello_world_actor`
[INFO] [stdout]   --> tests/main.rs:11:5
[INFO] [stdout]    |
[INFO] [stdout] 11 | use fil_hello_world_actor::WASM_BINARY as HELLO_BINARY;
[INFO] [stdout]    |     ^^^^^^^^^^^^^^^^^^^^^ use of undeclared crate or module `fil_hello_world_actor`
[INFO] [stdout] 
[INFO] [stdout] 
[INFO] [stdout] error[E0432]: unresolved import `fil_ipld_actor`
[INFO] [stdout]   --> tests/main.rs:12:5
[INFO] [stdout]    |
[INFO] [stdout] 12 | use fil_ipld_actor::WASM_BINARY as IPLD_BINARY;
[INFO] [stdout]    |     ^^^^^^^^^^^^^^ use of undeclared crate or module `fil_ipld_actor`
[INFO] [stdout] 
[INFO] [stdout] 
[INFO] [stdout] error[E0432]: unresolved import `fil_stack_overflow_actor`
[INFO] [stdout]   --> tests/main.rs:13:5
[INFO] [stdout]    |
[INFO] [stdout] 13 | use fil_stack_overflow_actor::WASM_BINARY as OVERFLOW_BINARY;
[INFO] [stdout]    |     ^^^^^^^^^^^^^^^^^^^^^^^^ use of undeclared crate or module `fil_stack_overflow_actor`
[INFO] [stdout] 
[INFO] [stdout] 
[INFO] [stdout] error[E0432]: unresolved import `fil_syscall_actor`
[INFO] [stdout]   --> tests/main.rs:14:5
[INFO] [stdout]    |
[INFO] [stdout] 14 | use fil_syscall_actor::WASM_BINARY as SYSCALL_BINARY;
[INFO] [stdout]    |     ^^^^^^^^^^^^^^^^^ use of undeclared crate or module `fil_syscall_actor`
[INFO] [stdout] 
[INFO] [stdout] 
[INFO] [stdout] error[E0432]: unresolved import `fil_events_actor`
[INFO] [stdout]  --> tests/events_test.rs:5:5
[INFO] [stdout]   |
[INFO] [stdout] 5 | use fil_events_actor::WASM_BINARY as EVENTS_BINARY;
[INFO] [stdout]   |     ^^^^^^^^^^^^^^^^ use of undeclared crate or module `fil_events_actor`
[INFO] [stdout] 
[INFO] [stdout] 
[INFO] [stdout] error[E0433]: failed to resolve: use of undeclared crate or module `actors_v10`
[INFO] [stdout]   --> tests/bundles/mod.rs:16:32
[INFO] [stdout]    |
[INFO] [stdout] 16 |         [(NetworkVersion::V18, actors_v10::BUNDLE_CAR),]
[INFO] [stdout]    |                                ^^^^^^^^^^ use of undeclared crate or module `actors_v10`
[INFO] [stdout] 
[INFO] [stdout] 
[INFO] [stdout] error[E0433]: failed to resolve: use of undeclared crate or module `actors_v10`
[INFO] [stdout]   --> tests/bundles/mod.rs:16:32
[INFO] [stdout]    |
[INFO] [stdout] 16 |         [(NetworkVersion::V18, actors_v10::BUNDLE_CAR),]
[INFO] [stdout]    |                                ^^^^^^^^^^ use of undeclared crate or module `actors_v10`
[INFO] [stdout] 
[INFO] [stdout] 
[INFO] [stdout] error[E0433]: failed to resolve: use of undeclared crate or module `actors_v10`
[INFO] [stdout]   --> tests/bundles/mod.rs:16:32
[INFO] [stdout]    |
[INFO] [stdout] 16 |         [(NetworkVersion::V18, actors_v10::BUNDLE_CAR),]
[INFO] [stdout]    |                                ^^^^^^^^^^ use of undeclared crate or module `actors_v10`
[INFO] [stdout] 
[INFO] [stdout] 
[INFO] [stdout] error[E0433]: failed to resolve: use of undeclared crate or module `actors_v10`
[INFO] [stdout]   --> examples/integration.rs:33:50
[INFO] [stdout]    |
[INFO] [stdout] 33 |     let bundle_root = bundle::import_bundle(&bs, actors_v10::BUNDLE_CAR).unwrap();
[INFO] [stdout]    |                                                  ^^^^^^^^^^ use of undeclared crate or module `actors_v10`
[INFO] [stdout] 
[INFO] [stdout] 
[INFO] [stdout] error[E0433]: failed to resolve: use of undeclared crate or module `actors_v10`
[INFO] [stdout]   --> tests/bundles/mod.rs:16:32
[INFO] [stdout]    |
[INFO] [stdout] 16 |         [(NetworkVersion::V18, actors_v10::BUNDLE_CAR),]
[INFO] [stdout]    |                                ^^^^^^^^^^ use of undeclared crate or module `actors_v10`
[INFO] [stdout] 
[INFO] [stdout] 
[INFO] [stdout] error[E0433]: failed to resolve: use of undeclared crate or module `actors_v10`
[INFO] [stdout]   --> tests/bundles/mod.rs:16:32
[INFO] [stdout]    |
[INFO] [stdout] 16 |         [(NetworkVersion::V18, actors_v10::BUNDLE_CAR),]
[INFO] [stdout]    |                                ^^^^^^^^^^ use of undeclared crate or module `actors_v10`
[INFO] [stdout] 
[INFO] [stdout] 
[INFO] [stdout] error[E0433]: failed to resolve: use of undeclared crate or module `actors_v10`
[INFO] [stdout]   --> tests/bundles/mod.rs:16:32
[INFO] [stdout]    |
[INFO] [stdout] 16 |         [(NetworkVersion::V18, actors_v10::BUNDLE_CAR),]
[INFO] [stdout]    |                                ^^^^^^^^^^ use of undeclared crate or module `actors_v10`
[INFO] [stdout] 
[INFO] [stdout] 
[INFO] [stdout] error: aborting due to previous error
[INFO] [stdout] 
[INFO] [stdout] 
[INFO] [stdout] For more information about this error, try `rustc --explain E0433`.
[INFO] [stdout] 
[INFO] [stdout] error: aborting due to 2 previous errors
[INFO] [stdout] 
[INFO] [stdout] 
[INFO] [stdout] Some errors have detailed explanations: E0432, E0433.
[INFO] [stdout] 
[INFO] [stdout] For more information about an error, try `rustc --explain E0432`.
[INFO] [stdout] 
[INFO] [stdout] error: aborting due to previous error
[INFO] [stdout] 
[INFO] [stdout] 
[INFO] [stdout] For more information about this error, try `rustc --explain E0433`.
[INFO] [stdout] 
[INFO] [stdout] error[E0433]: failed to resolve: use of undeclared crate or module `actors_v10`
[INFO] [stdout]   --> tests/bundles/mod.rs:16:32
[INFO] [stdout]    |
[INFO] [stdout] 16 |         [(NetworkVersion::V18, actors_v10::BUNDLE_CAR),]
[INFO] [stdout]    |                                ^^^^^^^^^^ use of undeclared crate or module `actors_v10`
[INFO] [stdout] 
[INFO] [stdout] 
[INFO] [stderr] error: could not compile `fvm_integration_tests` (test "readonly_test") due to 3 previous errors
[INFO] [stderr] warning: build failed, waiting for other jobs to finish...
[INFO] [stderr] error: could not compile `fvm_integration_tests` (example "integration") due to 2 previous errors
[INFO] [stderr] error: could not compile `fvm_integration_tests` (test "basic_send_test") due to 2 previous errors
[INFO] [stdout] error: aborting due to 2 previous errors
[INFO] [stdout] 
[INFO] [stdout] 
[INFO] [stdout] Some errors have detailed explanations: E0432, E0433.
[INFO] [stdout] 
[INFO] [stdout] For more information about an error, try `rustc --explain E0432`.
[INFO] [stdout] 
[INFO] [stderr] error: could not compile `fvm_integration_tests` (test "events_test") due to 3 previous errors
[INFO] [stdout] error: aborting due to 2 previous errors
[INFO] [stdout] 
[INFO] [stdout] 
[INFO] [stdout] Some errors have detailed explanations: E0432, E0433.
[INFO] [stdout] 
[INFO] [stdout] For more information about an error, try `rustc --explain E0432`.
[INFO] [stdout] 
[INFO] [stdout] error: aborting due to 2 previous errors
[INFO] [stdout] 
[INFO] [stdout] 
[INFO] [stdout] Some errors have detailed explanations: E0432, E0433.
[INFO] [stdout] 
[INFO] [stdout] For more information about an error, try `rustc --explain E0432`.
[INFO] [stdout] 
[INFO] [stderr] error: could not compile `fvm_integration_tests` (test "fil_syscall") due to 3 previous errors
[INFO] [stderr] error: could not compile `fvm_integration_tests` (test "fil_integer_overflow") due to 3 previous errors
[INFO] [stdout] error: aborting due to 2 previous errors
[INFO] [stdout] 
[INFO] [stdout] 
[INFO] [stdout] Some errors have detailed explanations: E0432, E0433.
[INFO] [stdout] 
[INFO] [stdout] For more information about an error, try `rustc --explain E0432`.
[INFO] [stdout] 
[INFO] [stderr] error: could not compile `fvm_integration_tests` (test "gaslimit_test") due to 3 previous errors
[INFO] [stdout] error: aborting due to 7 previous errors
[INFO] [stdout] 
[INFO] [stdout] 
[INFO] [stdout] Some errors have detailed explanations: E0432, E0433.
[INFO] [stdout] 
[INFO] [stdout] For more information about an error, try `rustc --explain E0432`.
[INFO] [stdout] 
[INFO] [stderr] error: could not compile `fvm_integration_tests` (test "main") due to 8 previous errors
[INFO] running `Command { std: "docker" "inspect" "5a3386b3fcb5d02351dc45c5e9bac5b819b9bd2e43bb77c0b98f5eb7968d54d9", kill_on_drop: false }`
[INFO] running `Command { std: "docker" "rm" "-f" "5a3386b3fcb5d02351dc45c5e9bac5b819b9bd2e43bb77c0b98f5eb7968d54d9", kill_on_drop: false }`
[INFO] [stdout] 5a3386b3fcb5d02351dc45c5e9bac5b819b9bd2e43bb77c0b98f5eb7968d54d9
